{"id":374,"date":"2017-07-12T11:53:21","date_gmt":"2017-07-12T11:53:21","guid":{"rendered":"http:\/\/demo.zozothemes.com\/gosolar\/?page_id=374"},"modified":"2023-06-17T09:51:19","modified_gmt":"2023-06-17T07:51:19","slug":"services","status":"publish","type":"page","link":"https:\/\/avec-conseils.com\/index.php\/services\/","title":{"rendered":"Mes services"},"content":{"rendered":"<p>[vc_row center_row=\u00a0\u00bbyes\u00a0\u00bb][vc_column]<div class=\"zozo-parallax-header\"><div class=\"parallax-header content-style-default\"><h2 class=\"parallax-title\">Mes services<\/h2><div class=\"parallax-desc default-style\"><p>Apr\u00e8s plus de 35 ann\u00e9es dans la direction et le management d\u2019entreprises agro-alimentaires, je suis d\u00e9sormais motiv\u00e9 par l\u2019envie d\u2019accompagner des structures dans la mise en \u0153uvre op\u00e9rationnelle de leur(s) strat\u00e9gie(s) de d\u00e9veloppement.<\/p>\n<p>Ces ann\u00e9es d\u2019exp\u00e9rience m\u2019ont profond\u00e9ment convaincu de l\u2019importance de cr\u00e9er un lien continu de la production agricole \u00e0 la consommation, et ce, pour le b\u00e9n\u00e9fice de tous. C\u2019est pour cela que j\u2019ai choisi de conseiller plut\u00f4t que diriger.<\/p>\n<p>Ce qui fait sens pour moi, c\u2019est d\u2019engager les \u00e9quipes dans la mise en \u0153uvre op\u00e9rationnelle, et de l&rsquo;accompagner avec d\u2019autres partenaires experts.<\/p>\n<p>&nbsp;<\/p>\n<p><strong><em>Concr\u00e8tement, je vous propose de fonctionner par trois \u00e9tapes :<\/em><\/strong><\/p>\n<\/div><\/div><\/div><div class=\"zozo-services-grid-wrapper services-columns-3\"><div class=\"row services-grid-inner\"><div class=\"services-item col-sm-4 col-xs-12\"><div class=\"services-content-wrapper\"><h4><a href=\"https:\/\/avec-conseils.com\/index.php\/services\/optimiser-les-operations\/\" title=\"Optimiser les op\u00e9rations\">Optimiser les op\u00e9rations<\/a><\/h4><div class=\"services-excerpts\"><p>Je vous propose : D&rsquo;optimiser votre outil de production (rationalisation, mise en capacit\u00e9 en lien avec les attentes<\/p><\/div><a href=\"https:\/\/avec-conseils.com\/index.php\/services\/optimiser-les-operations\/\" class=\"btn btn-more\" title=\"Optimiser les op\u00e9rations\">En savoir plus<\/a><\/div><\/div><div class=\"services-item col-sm-4 col-xs-12\"><div class=\"services-content-wrapper\"><h4><a href=\"https:\/\/avec-conseils.com\/index.php\/services\/mettre-en-place-un-nouveau-projet\/\" title=\"Mettre en place un nouveau projet\">Mettre en place un nouveau projet<\/a><\/h4><div class=\"services-excerpts\"><p>Pr\u00e9ciser le projet.\u00a0 B\u00e2tir une \u00e9quipe pluridisciplinaire. Animer l&rsquo;\u00e9quipe projet. Assurer la mont\u00e9e en puissance et l\u2019efficacit\u00e9 du<\/p><\/div><a href=\"https:\/\/avec-conseils.com\/index.php\/services\/mettre-en-place-un-nouveau-projet\/\" class=\"btn btn-more\" title=\"Mettre en place un nouveau projet\">En savoir plus<\/a><\/div><\/div><div class=\"services-item col-sm-4 col-xs-12\"><div class=\"services-content-wrapper\"><h4><a href=\"https:\/\/avec-conseils.com\/index.php\/services\/developper-vision-et-strategie\/\" title=\"D\u00e9velopper vision et strat\u00e9gie\">D\u00e9velopper vision et strat\u00e9gie<\/a><\/h4><div class=\"services-excerpts\"><p>Pour formaliser votre strat\u00e9gie, je vous propose de : &nbsp; D\u00e9cliner ces \u00e9l\u00e9ments de fa\u00e7on simple et pragmatique.<\/p><\/div><a href=\"https:\/\/avec-conseils.com\/index.php\/services\/developper-vision-et-strategie\/\" class=\"btn btn-more\" title=\"D\u00e9velopper vision et strat\u00e9gie\">En savoir plus<\/a><\/div><\/div><\/div><\/div>[\/vc_column][\/vc_row][vc_row bg_style=\u00a0\u00bbbg-normal\u00a0\u00bb center_row=\u00a0\u00bbyes\u00a0\u00bb typo_style=\u00a0\u00bblight\u00a0\u00bb css=\u00a0\u00bb.vc_custom_1497510752108{padding-top: 0px !important;padding-bottom: 0px !important;}\u00a0\u00bb el_class=\u00a0\u00bbadditional-call-to-action\u00a0\u00bb][vc_column][vc_row_inner css=\u00a0\u00bb.vc_custom_1497510599686{padding-top: 25px !important;padding-bottom: 20px !important;}\u00a0\u00bb][vc_column_inner offset=\u00a0\u00bbvc_col-lg-9 vc_col-md-12&Prime;]<div class=\"zozo-vc-custom-css\" data-css=\"#feature-box-1 .grid-item .grid-box-inner .grid-icon { border-color:#ffffff; color:#ffffff; }\n\"><\/div><div class=\"zozo-feature-box feature-box-style style-default-box style-sep-yes vc_custom_1646670213606 clearfix\" id=\"feature-box-1\"><div class=\"grid-item\"><div class=\"grid-box-inner grid-text-left grid-box-medium grid-box-icon-circle grid-icon-shape grid-shape-none\"><div class=\"grid-icon-wrapper no-hover shape-icon-circle\"><i class=\"fa fa-phone grid-icon zozo-icon icon-shape icon-circle icon-skin-default icon-bordered pattern-1 icon-medium\"><\/i><\/div><div class=\"grid-content-wrapper\"><h5 class=\"grid-title margin-bottom-15\" >Vous avez des questions ?<\/h5><div class=\"grid-desc\" style=\"color:#ffffff;\"><p>Il vous reste des questions concernant les services que nous proposons ? N&rsquo;h\u00e9sitez pas \u00e0 nous contacter et nous y r\u00e9pondrons directement.<\/p>\n<\/div><\/div><\/div><\/div><\/div>[\/vc_column_inner][vc_column_inner css=\u00a0\u00bb.vc_custom_1501052537360{padding-top: 9px !important;}\u00a0\u00bb offset=\u00a0\u00bbvc_col-lg-3 vc_col-md-12&Prime;][vc_btn title=\u00a0\u00bbNous contacter\u00a0\u00bb shape=\u00a0\u00bbsquare\u00a0\u00bb color=\u00a0\u00bbwhite\u00a0\u00bb align=\u00a0\u00bbright\u00a0\u00bb css_animation=\u00a0\u00bbnone\u00a0\u00bb link=\u00a0\u00bburl:http%3A%2F%2Fdemo.zozothemes.com%2Fgosolar%2Fcontact-us%2F|||\u00a0\u00bb el_class=\u00a0\u00bbadditional-btn\u00a0\u00bb][\/vc_column_inner][\/vc_row_inner][\/vc_column][\/vc_row]<\/p>\n","protected":false},"excerpt":{"rendered":"<p>[vc_row center_row=\u00a0\u00bbyes\u00a0\u00bb][vc_column][\/vc_column][\/vc_row][vc_row bg_style=\u00a0\u00bbbg-normal\u00a0\u00bb center_row=\u00a0\u00bbyes\u00a0\u00bb typo_style=\u00a0\u00bblight\u00a0\u00bb css=\u00a0\u00bb.vc_custom_1497510752108{padding-top: 0px !important;padding-bottom: 0px !important;}\u00a0\u00bb el_class=\u00a0\u00bbadditional-call-to-action\u00a0\u00bb][vc_column][vc_row_inner css=\u00a0\u00bb.vc_custom_1497510599686{padding-top: 25px !important;padding-bottom: 20px !important;}\u00a0\u00bb][vc_column_inner offset=\u00a0\u00bbvc_col-lg-9 vc_col-md-12&Prime;][\/vc_column_inner][vc_column_inner css=\u00a0\u00bb.vc_custom_1501052537360{padding-top: 9px !important;}\u00a0\u00bb offset=\u00a0\u00bbvc_col-lg-3 vc_col-md-12&Prime;][vc_btn title=\u00a0\u00bbNous contacter\u00a0\u00bb shape=\u00a0\u00bbsquare\u00a0\u00bb color=\u00a0\u00bbwhite\u00a0\u00bb align=\u00a0\u00bbright\u00a0\u00bb css_animation=\u00a0\u00bbnone\u00a0\u00bb link=\u00a0\u00bburl:http%3A%2F%2Fdemo.zozothemes.com%2Fgosolar%2Fcontact-us%2F|||\u00a0\u00bb el_class=\u00a0\u00bbadditional-btn\u00a0\u00bb][\/vc_column_inner][\/vc_row_inner][\/vc_column][\/vc_row]<\/p>\n","protected":false},"author":1,"featured_media":0,"parent":0,"menu_order":0,"comment_status":"closed","ping_status":"closed","template":"template-fullwidth.php","meta":{"_monsterinsights_skip_tracking":false,"_monsterinsights_sitenote_active":false,"_monsterinsights_sitenote_note":"","_monsterinsights_sitenote_category":0,"footnotes":""},"class_list":["post-374","page","type-page","status-publish","hentry"],"yoast_head":"<!-- This site is optimized with the Yoast SEO plugin v25.6 - https:\/\/yoast.com\/wordpress\/plugins\/seo\/ -->\n<title>Mes services - WordPress<\/title>\n<meta name=\"description\" content=\"Consultant sp\u00e9cialis\u00e9 dans l&#039;agro-alimentaire, fort de 35 ann\u00e9es d&#039;exp\u00e9rience, voici les diff\u00e9rents services que je vous propose.\" \/>\n<meta name=\"robots\" content=\"index, follow, max-snippet:-1, max-image-preview:large, max-video-preview:-1\" \/>\n<link rel=\"canonical\" href=\"https:\/\/avec-conseils.com\/index.php\/services\/\" \/>\n<meta property=\"og:locale\" content=\"fr_FR\" \/>\n<meta property=\"og:type\" content=\"article\" \/>\n<meta property=\"og:title\" content=\"Mes services - WordPress\" \/>\n<meta property=\"og:description\" content=\"Consultant sp\u00e9cialis\u00e9 dans l&#039;agro-alimentaire, fort de 35 ann\u00e9es d&#039;exp\u00e9rience, voici les diff\u00e9rents services que je vous propose.\" \/>\n<meta property=\"og:url\" content=\"https:\/\/avec-conseils.com\/index.php\/services\/\" \/>\n<meta property=\"og:site_name\" content=\"WordPress\" \/>\n<meta property=\"article:modified_time\" content=\"2023-06-17T07:51:19+00:00\" \/>\n<meta name=\"twitter:card\" content=\"summary_large_image\" \/>\n<meta name=\"twitter:label1\" content=\"Dur\u00e9e de lecture estim\u00e9e\" \/>\n\t<meta name=\"twitter:data1\" content=\"1 minute\" \/>\n<script type=\"application\/ld+json\" class=\"yoast-schema-graph\">{\"@context\":\"https:\/\/schema.org\",\"@graph\":[{\"@type\":\"WebPage\",\"@id\":\"https:\/\/avec-conseils.com\/index.php\/services\/\",\"url\":\"https:\/\/avec-conseils.com\/index.php\/services\/\",\"name\":\"Mes services - WordPress\",\"isPartOf\":{\"@id\":\"https:\/\/avec-conseils.com\/#website\"},\"datePublished\":\"2017-07-12T11:53:21+00:00\",\"dateModified\":\"2023-06-17T07:51:19+00:00\",\"description\":\"Consultant sp\u00e9cialis\u00e9 dans l'agro-alimentaire, fort de 35 ann\u00e9es d'exp\u00e9rience, voici les diff\u00e9rents services que je vous propose.\",\"inLanguage\":\"fr-FR\",\"potentialAction\":[{\"@type\":\"ReadAction\",\"target\":[\"https:\/\/avec-conseils.com\/index.php\/services\/\"]}]},{\"@type\":\"WebSite\",\"@id\":\"https:\/\/avec-conseils.com\/#website\",\"url\":\"https:\/\/avec-conseils.com\/\",\"name\":\"WordPress\",\"description\":\"Un site utilisant WordPress\",\"potentialAction\":[{\"@type\":\"SearchAction\",\"target\":{\"@type\":\"EntryPoint\",\"urlTemplate\":\"https:\/\/avec-conseils.com\/?s={search_term_string}\"},\"query-input\":{\"@type\":\"PropertyValueSpecification\",\"valueRequired\":true,\"valueName\":\"search_term_string\"}}],\"inLanguage\":\"fr-FR\"}]}<\/script>\n<!-- \/ Yoast SEO plugin. -->","yoast_head_json":{"title":"Mes services - WordPress","description":"Consultant sp\u00e9cialis\u00e9 dans l'agro-alimentaire, fort de 35 ann\u00e9es d'exp\u00e9rience, voici les diff\u00e9rents services que je vous propose.","robots":{"index":"index","follow":"follow","max-snippet":"max-snippet:-1","max-image-preview":"max-image-preview:large","max-video-preview":"max-video-preview:-1"},"canonical":"https:\/\/avec-conseils.com\/index.php\/services\/","og_locale":"fr_FR","og_type":"article","og_title":"Mes services - WordPress","og_description":"Consultant sp\u00e9cialis\u00e9 dans l'agro-alimentaire, fort de 35 ann\u00e9es d'exp\u00e9rience, voici les diff\u00e9rents services que je vous propose.","og_url":"https:\/\/avec-conseils.com\/index.php\/services\/","og_site_name":"WordPress","article_modified_time":"2023-06-17T07:51:19+00:00","twitter_card":"summary_large_image","twitter_misc":{"Dur\u00e9e de lecture estim\u00e9e":"1 minute"},"schema":{"@context":"https:\/\/schema.org","@graph":[{"@type":"WebPage","@id":"https:\/\/avec-conseils.com\/index.php\/services\/","url":"https:\/\/avec-conseils.com\/index.php\/services\/","name":"Mes services - WordPress","isPartOf":{"@id":"https:\/\/avec-conseils.com\/#website"},"datePublished":"2017-07-12T11:53:21+00:00","dateModified":"2023-06-17T07:51:19+00:00","description":"Consultant sp\u00e9cialis\u00e9 dans l'agro-alimentaire, fort de 35 ann\u00e9es d'exp\u00e9rience, voici les diff\u00e9rents services que je vous propose.","inLanguage":"fr-FR","potentialAction":[{"@type":"ReadAction","target":["https:\/\/avec-conseils.com\/index.php\/services\/"]}]},{"@type":"WebSite","@id":"https:\/\/avec-conseils.com\/#website","url":"https:\/\/avec-conseils.com\/","name":"WordPress","description":"Un site utilisant WordPress","potentialAction":[{"@type":"SearchAction","target":{"@type":"EntryPoint","urlTemplate":"https:\/\/avec-conseils.com\/?s={search_term_string}"},"query-input":{"@type":"PropertyValueSpecification","valueRequired":true,"valueName":"search_term_string"}}],"inLanguage":"fr-FR"}]}},"jetpack_sharing_enabled":true,"_links":{"self":[{"href":"https:\/\/avec-conseils.com\/index.php\/wp-json\/wp\/v2\/pages\/374"}],"collection":[{"href":"https:\/\/avec-conseils.com\/index.php\/wp-json\/wp\/v2\/pages"}],"about":[{"href":"https:\/\/avec-conseils.com\/index.php\/wp-json\/wp\/v2\/types\/page"}],"author":[{"embeddable":true,"href":"https:\/\/avec-conseils.com\/index.php\/wp-json\/wp\/v2\/users\/1"}],"replies":[{"embeddable":true,"href":"https:\/\/avec-conseils.com\/index.php\/wp-json\/wp\/v2\/comments?post=374"}],"version-history":[{"count":5,"href":"https:\/\/avec-conseils.com\/index.php\/wp-json\/wp\/v2\/pages\/374\/revisions"}],"predecessor-version":[{"id":1824,"href":"https:\/\/avec-conseils.com\/index.php\/wp-json\/wp\/v2\/pages\/374\/revisions\/1824"}],"wp:attachment":[{"href":"https:\/\/avec-conseils.com\/index.php\/wp-json\/wp\/v2\/media?parent=374"}],"curies":[{"name":"wp","href":"https:\/\/api.w.org\/{rel}","templated":true}]}}