{"id":287,"date":"2017-07-10T11:44:23","date_gmt":"2017-07-10T11:44:23","guid":{"rendered":"http:\/\/demo.zozothemes.com\/gosolar\/?page_id=287"},"modified":"2023-06-26T09:28:42","modified_gmt":"2023-06-26T07:28:42","slug":"qui-suis-je","status":"publish","type":"page","link":"https:\/\/avec-conseils.com\/index.php\/qui-suis-je\/","title":{"rendered":"Qui suis-je ?"},"content":{"rendered":"<p>[vc_row center_row=\u00a0\u00bbyes\u00a0\u00bb][vc_column offset=\u00a0\u00bbvc_col-lg-6 vc_col-md-6&Prime;]<div class=\"zozo-parallax-header margin-bottom-0\"><div class=\"parallax-header content-style-default\"><h2 class=\"parallax-title text-left\">Christophe Rigo<\/h2><div class=\"parallax-desc default-style text-left\"><p><strong>Fort de mon exp\u00e9rience au sein d&rsquo;entreprises d&rsquo;agro-alimentaires, j&rsquo;ai d\u00e9cid\u00e9 de devenir consultant.<\/p>\n<p>Mon objectif : vous aider dans <a href=\"https:\/\/avec-conseils.com\/index.php\/services\/\" rel=\"noopener\" target=\"_blank\">vos projets de d\u00e9veloppement et d&rsquo;optimisation<\/a>.<\/strong><\/p>\n<h3><b>Mon exp\u00e9rience professionnelle :<\/b><\/h3>\n<ul>\n<li style=\"font-weight: 400;\" aria-level=\"1\"><span style=\"font-weight: 400;\">Ch\u00e2teau Blanc (Groupe Holder) &#8211; 6 ans &#8211; Directeur G\u00e9n\u00e9ral<\/span><\/li>\n<li style=\"font-weight: 400;\" aria-level=\"1\"><span style=\"font-weight: 400;\">Advitam (Coop\u00e9rative Un\u00e9al) &#8211; 1 an &#8211; Directeur G\u00e9n\u00e9ral<\/span><\/li>\n<li style=\"font-weight: 400;\" aria-level=\"1\"><span style=\"font-weight: 400;\">Groupe Mc Cain &#8211; 19 ans &#8211; VP Op\u00e9rations \u2013 Directeur G\u00e9n\u00e9ral \u2013 Directeur Usine<\/span><\/li>\n<li style=\"font-weight: 400;\" aria-level=\"1\"><span style=\"font-weight: 400;\">Brossard (Grand Metropolitan) &#8211;\u00a0 3 ans &#8211; Directeur Usine \u2013 Directeur Technique<\/span><\/li>\n<li style=\"font-weight: 400;\" aria-level=\"1\"><span style=\"font-weight: 400;\">Danone (Division Biscuits) &#8211; 6 ans &#8211; Responsable de Production<\/span><\/li>\n<\/ul>\n<ol>Retrouvez-moi sur <a href=\"https:\/\/www.linkedin.com\/in\/christopherigo\/?locale=fr_FR\">Linkedin<\/a>.<\/p>\n<p style=\"text-align: center;\">Mon engagement : <span style=\"font-weight: 400;\">insuffler <strong>passion et \u00e9nergie<\/strong> dans vos projets de transformation et <strong>f<\/strong><\/span><strong>\u00e9d\u00e9rer vos \u00e9quipes<\/strong> pour leur r\u00e9ussite.<\/p>\n<\/div><\/div><\/div>[\/vc_column][vc_column offset=\u00a0\u00bbvc_col-lg-6 vc_col-md-6&Prime;][vc_single_image image=\u00a0\u00bb1727&Prime; img_size=\u00a0\u00bbmedium\u00a0\u00bb alignment=\u00a0\u00bbcenter\u00a0\u00bb][\/vc_column][\/vc_row][vc_row center_row=\u00a0\u00bbyes\u00a0\u00bb css=\u00a0\u00bb.vc_custom_1635260884695{padding-bottom: 0px !important;}\u00a0\u00bb][vc_column offset=\u00a0\u00bbvc_col-lg-12 vc_col-md-12&Prime; el_class=\u00a0\u00bbsection-spacing-1024&Prime;]<div class=\"zozo-parallax-header\"><div class=\"parallax-header content-style-default\"><h2 class=\"parallax-title\" style=\"color:#81d742;\">Pourquoi collaborer ensemble ?<\/h2><\/div><\/div>[\/vc_column][\/vc_row][vc_row center_row=\u00a0\u00bbyes\u00a0\u00bb css=\u00a0\u00bb.vc_custom_1499690213612{padding-top: 0px !important;}\u00a0\u00bb][vc_column offset=\u00a0\u00bbvc_col-lg-4 vc_col-md-12&Prime;][vc_single_image image=\u00a0\u00bb298&Prime; img_size=\u00a0\u00bbfull\u00a0\u00bb alignment=\u00a0\u00bbcenter\u00a0\u00bb][\/vc_column][vc_column el_class=\u00a0\u00bbsection-spacing-1024&Prime; offset=\u00a0\u00bbvc_col-lg-8 vc_col-md-12&Prime;][vc_column_text]<\/p>\n<h2><b>Je mets ma comp\u00e9tence industrielle\u00a0<\/b><b>au service du bien-\u00eatre du consommateur\u00a0<\/b><b>en valorisant durablement le travail de la Nature.<\/b><\/h2>\n<p>[\/vc_column_text][vc_tta_tabs][vc_tta_section title=\u00a0\u00bbVous \u00eates\u00a0\u00bb tab_id=\u00a0\u00bb1499345320319-8c084466-a766&Prime;][vc_column_text]<b>Une organisation :<\/b><\/p>\n<ul>\n<li style=\"font-weight: 400;\" aria-level=\"1\"><span style=\"font-weight: 400;\">Qui produit et vend des produits alimentaires en France et \u00e0 travers le monde.<\/span><\/li>\n<li style=\"font-weight: 400;\" aria-level=\"1\"><span style=\"font-weight: 400;\">Qui est attach\u00e9e \u00e0 l\u2019origine, \u00e0 la qualit\u00e9 sup\u00e9rieure de ses mati\u00e8res et de ses produits.<\/span><\/li>\n<li style=\"font-weight: 400;\" aria-level=\"1\"><span style=\"font-weight: 400;\">Qui place l\u2019Homme au centre de ses pr\u00e9occupations et de ses valeurs.<\/span><\/li>\n<\/ul>\n<p>[\/vc_column_text][\/vc_tta_section][vc_tta_section title=\u00a0\u00bbJe suis\u00a0\u00bb tab_id=\u00a0\u00bb1499345320386-62375f2d-b111&Prime;][vc_column_text]<\/p>\n<ul>\n<li style=\"font-weight: 400;\" aria-level=\"1\"><span style=\"font-weight: 400;\">Passionn\u00e9 par <\/span><b>l\u2019agro-industrie depuis plus de 35 ans<\/b><span style=\"font-weight: 400;\">.<\/span><\/li>\n<li style=\"font-weight: 400;\" aria-level=\"1\"><span style=\"font-weight: 400;\">Anim\u00e9 par le pragmatisme et la simplicit\u00e9 op\u00e9rationnelle, m\u00eame en syst\u00e8me complexe.<\/span><\/li>\n<li style=\"font-weight: 400;\" aria-level=\"1\"><span style=\"font-weight: 400;\">Transmetteur d\u2019\u00e9nergie aux \u00e9quipes que j\u2019accompagne.<\/span><\/li>\n<\/ul>\n<p>[\/vc_column_text][\/vc_tta_section][vc_tta_section title=\u00a0\u00bbEnsemble\u00a0\u00bb tab_id=\u00a0\u00bb1499345353462-93a11f1f-fe37&Prime;][vc_column_text]Nous pouvons grandir en :<b><\/b><\/p>\n<ul>\n<li aria-level=\"1\"><b>D\u00e9veloppant votre chiffre d\u2019affaires<\/b><span style=\"font-weight: 400;\">, en France ou \u00e0 l\u2019international.<\/span><\/li>\n<li aria-level=\"1\"><b>Optimisant vos marges op\u00e9rationnelles <\/b><span style=\"font-weight: 400;\">(des achats \u00e0 la livraison).<\/span><\/li>\n<li aria-level=\"1\"><span style=\"font-weight: 400;\">Mettant vos \u00e9quipes en <\/span><b>synergie<\/b><span style=\"font-weight: 400;\">, du commerce \u00e0 la production.<\/span><\/li>\n<li aria-level=\"1\"><span style=\"font-weight: 400;\">Positionnant votre entreprise dans une <\/span><b>approche RSE <\/b><span style=\"font-weight: 400;\">g\u00e9n\u00e9rale.<\/span><\/li>\n<\/ul>\n<p>[\/vc_column_text][\/vc_tta_section][\/vc_tta_tabs][\/vc_column][\/vc_row]<\/p>\n","protected":false},"excerpt":{"rendered":"<p>[vc_row center_row=\u00a0\u00bbyes\u00a0\u00bb][vc_column offset=\u00a0\u00bbvc_col-lg-6 vc_col-md-6&Prime;][\/vc_column][vc_column offset=\u00a0\u00bbvc_col-lg-6 vc_col-md-6&Prime;][vc_single_image image=\u00a0\u00bb1727&Prime; img_size=\u00a0\u00bbmedium\u00a0\u00bb alignment=\u00a0\u00bbcenter\u00a0\u00bb][\/vc_column][\/vc_row][vc_row center_row=\u00a0\u00bbyes\u00a0\u00bb css=\u00a0\u00bb.vc_custom_1635260884695{padding-bottom: 0px !important;}\u00a0\u00bb][vc_column offset=\u00a0\u00bbvc_col-lg-12 vc_col-md-12&Prime; el_class=\u00a0\u00bbsection-spacing-1024&Prime;][\/vc_column][\/vc_row][vc_row center_row=\u00a0\u00bbyes\u00a0\u00bb css=\u00a0\u00bb.vc_custom_1499690213612{padding-top: 0px !important;}\u00a0\u00bb][vc_column offset=\u00a0\u00bbvc_col-lg-4 vc_col-md-12&Prime;][vc_single_image image=\u00a0\u00bb298&Prime; img_size=\u00a0\u00bbfull\u00a0\u00bb alignment=\u00a0\u00bbcenter\u00a0\u00bb][\/vc_column][vc_column el_class=\u00a0\u00bbsection-spacing-1024&Prime; offset=\u00a0\u00bbvc_col-lg-8 vc_col-md-12&Prime;][vc_column_text] Je mets ma comp\u00e9tence industrielle\u00a0au service du bien-\u00eatre du consommateur\u00a0en valorisant durablement le travail de la Nature. [\/vc_column_text][vc_tta_tabs][vc_tta_section title=\u00a0\u00bbVous \u00eates\u00a0\u00bb tab_id=\u00a0\u00bb1499345320319-8c084466-a766&Prime;][vc_column_text]Une organisation : Qui produit et vend des produits alimentaires en France&#8230;<\/p>\n","protected":false},"author":1,"featured_media":0,"parent":0,"menu_order":0,"comment_status":"closed","ping_status":"closed","template":"template-fullwidth.php","meta":{"_monsterinsights_skip_tracking":false,"_monsterinsights_sitenote_active":false,"_monsterinsights_sitenote_note":"","_monsterinsights_sitenote_category":0,"footnotes":""},"class_list":["post-287","page","type-page","status-publish","hentry"],"yoast_head":"<!-- This site is optimized with the Yoast SEO plugin v25.6 - https:\/\/yoast.com\/wordpress\/plugins\/seo\/ -->\n<title>Qui suis-je ? - WordPress<\/title>\n<meta name=\"description\" content=\"Mon nom est Christophe Rigo. Fort de mon exp\u00e9rience au sein d&#039;entreprises d&#039;agro-alimentaire, j&#039;ai d\u00e9cid\u00e9 de devenir consultant.\" \/>\n<meta name=\"robots\" content=\"index, follow, max-snippet:-1, max-image-preview:large, max-video-preview:-1\" \/>\n<link rel=\"canonical\" href=\"https:\/\/avec-conseils.com\/index.php\/qui-suis-je\/\" \/>\n<meta property=\"og:locale\" content=\"fr_FR\" \/>\n<meta property=\"og:type\" content=\"article\" \/>\n<meta property=\"og:title\" content=\"Qui suis-je ? - WordPress\" \/>\n<meta property=\"og:description\" content=\"Mon nom est Christophe Rigo. Fort de mon exp\u00e9rience au sein d&#039;entreprises d&#039;agro-alimentaire, j&#039;ai d\u00e9cid\u00e9 de devenir consultant.\" \/>\n<meta property=\"og:url\" content=\"https:\/\/avec-conseils.com\/index.php\/qui-suis-je\/\" \/>\n<meta property=\"og:site_name\" content=\"WordPress\" \/>\n<meta property=\"article:modified_time\" content=\"2023-06-26T07:28:42+00:00\" \/>\n<meta name=\"twitter:card\" content=\"summary_large_image\" \/>\n<meta name=\"twitter:label1\" content=\"Dur\u00e9e de lecture estim\u00e9e\" \/>\n\t<meta name=\"twitter:data1\" content=\"2 minutes\" \/>\n<script type=\"application\/ld+json\" class=\"yoast-schema-graph\">{\"@context\":\"https:\/\/schema.org\",\"@graph\":[{\"@type\":\"WebPage\",\"@id\":\"https:\/\/avec-conseils.com\/index.php\/qui-suis-je\/\",\"url\":\"https:\/\/avec-conseils.com\/index.php\/qui-suis-je\/\",\"name\":\"Qui suis-je ? - WordPress\",\"isPartOf\":{\"@id\":\"https:\/\/avec-conseils.com\/#website\"},\"datePublished\":\"2017-07-10T11:44:23+00:00\",\"dateModified\":\"2023-06-26T07:28:42+00:00\",\"description\":\"Mon nom est Christophe Rigo. Fort de mon exp\u00e9rience au sein d'entreprises d'agro-alimentaire, j'ai d\u00e9cid\u00e9 de devenir consultant.\",\"inLanguage\":\"fr-FR\",\"potentialAction\":[{\"@type\":\"ReadAction\",\"target\":[\"https:\/\/avec-conseils.com\/index.php\/qui-suis-je\/\"]}]},{\"@type\":\"WebSite\",\"@id\":\"https:\/\/avec-conseils.com\/#website\",\"url\":\"https:\/\/avec-conseils.com\/\",\"name\":\"WordPress\",\"description\":\"Un site utilisant WordPress\",\"potentialAction\":[{\"@type\":\"SearchAction\",\"target\":{\"@type\":\"EntryPoint\",\"urlTemplate\":\"https:\/\/avec-conseils.com\/?s={search_term_string}\"},\"query-input\":{\"@type\":\"PropertyValueSpecification\",\"valueRequired\":true,\"valueName\":\"search_term_string\"}}],\"inLanguage\":\"fr-FR\"}]}<\/script>\n<!-- \/ Yoast SEO plugin. -->","yoast_head_json":{"title":"Qui suis-je ? - WordPress","description":"Mon nom est Christophe Rigo. Fort de mon exp\u00e9rience au sein d'entreprises d'agro-alimentaire, j'ai d\u00e9cid\u00e9 de devenir consultant.","robots":{"index":"index","follow":"follow","max-snippet":"max-snippet:-1","max-image-preview":"max-image-preview:large","max-video-preview":"max-video-preview:-1"},"canonical":"https:\/\/avec-conseils.com\/index.php\/qui-suis-je\/","og_locale":"fr_FR","og_type":"article","og_title":"Qui suis-je ? - WordPress","og_description":"Mon nom est Christophe Rigo. Fort de mon exp\u00e9rience au sein d'entreprises d'agro-alimentaire, j'ai d\u00e9cid\u00e9 de devenir consultant.","og_url":"https:\/\/avec-conseils.com\/index.php\/qui-suis-je\/","og_site_name":"WordPress","article_modified_time":"2023-06-26T07:28:42+00:00","twitter_card":"summary_large_image","twitter_misc":{"Dur\u00e9e de lecture estim\u00e9e":"2 minutes"},"schema":{"@context":"https:\/\/schema.org","@graph":[{"@type":"WebPage","@id":"https:\/\/avec-conseils.com\/index.php\/qui-suis-je\/","url":"https:\/\/avec-conseils.com\/index.php\/qui-suis-je\/","name":"Qui suis-je ? - WordPress","isPartOf":{"@id":"https:\/\/avec-conseils.com\/#website"},"datePublished":"2017-07-10T11:44:23+00:00","dateModified":"2023-06-26T07:28:42+00:00","description":"Mon nom est Christophe Rigo. Fort de mon exp\u00e9rience au sein d'entreprises d'agro-alimentaire, j'ai d\u00e9cid\u00e9 de devenir consultant.","inLanguage":"fr-FR","potentialAction":[{"@type":"ReadAction","target":["https:\/\/avec-conseils.com\/index.php\/qui-suis-je\/"]}]},{"@type":"WebSite","@id":"https:\/\/avec-conseils.com\/#website","url":"https:\/\/avec-conseils.com\/","name":"WordPress","description":"Un site utilisant WordPress","potentialAction":[{"@type":"SearchAction","target":{"@type":"EntryPoint","urlTemplate":"https:\/\/avec-conseils.com\/?s={search_term_string}"},"query-input":{"@type":"PropertyValueSpecification","valueRequired":true,"valueName":"search_term_string"}}],"inLanguage":"fr-FR"}]}},"jetpack_sharing_enabled":true,"_links":{"self":[{"href":"https:\/\/avec-conseils.com\/index.php\/wp-json\/wp\/v2\/pages\/287"}],"collection":[{"href":"https:\/\/avec-conseils.com\/index.php\/wp-json\/wp\/v2\/pages"}],"about":[{"href":"https:\/\/avec-conseils.com\/index.php\/wp-json\/wp\/v2\/types\/page"}],"author":[{"embeddable":true,"href":"https:\/\/avec-conseils.com\/index.php\/wp-json\/wp\/v2\/users\/1"}],"replies":[{"embeddable":true,"href":"https:\/\/avec-conseils.com\/index.php\/wp-json\/wp\/v2\/comments?post=287"}],"version-history":[{"count":9,"href":"https:\/\/avec-conseils.com\/index.php\/wp-json\/wp\/v2\/pages\/287\/revisions"}],"predecessor-version":[{"id":1842,"href":"https:\/\/avec-conseils.com\/index.php\/wp-json\/wp\/v2\/pages\/287\/revisions\/1842"}],"wp:attachment":[{"href":"https:\/\/avec-conseils.com\/index.php\/wp-json\/wp\/v2\/media?parent=287"}],"curies":[{"name":"wp","href":"https:\/\/api.w.org\/{rel}","templated":true}]}}